{"id":350,"date":"2022-09-27T19:05:33","date_gmt":"2022-09-27T17:05:33","guid":{"rendered":"https:\/\/corinnedepeyre.fr\/fr\/new\/?page_id=350"},"modified":"2025-09-28T12:53:46","modified_gmt":"2025-09-28T10:53:46","slug":"contact","status":"publish","type":"page","link":"https:\/\/corinnedepeyre.fr\/fr\/new\/contact\/","title":{"rendered":"Contact"},"content":{"rendered":"\t\t<div data-elementor-type=\"wp-page\" data-elementor-id=\"350\" class=\"elementor elementor-350\">\n\t\t\t\t\t\t<section class=\"elementor-section elementor-top-section elementor-element elementor-element-e687fd6 elementor-section-boxed elementor-section-height-default elementor-section-height-default wpr-particle-no wpr-jarallax-no wpr-parallax-no wpr-sticky-section-no wpr-equal-height-no\" data-id=\"e687fd6\" data-element_type=\"section\" data-e-type=\"section\">\n\t\t\t\t\t\t<div class=\"elementor-container elementor-column-gap-default\">\n\t\t\t\t\t<div class=\"elementor-column elementor-col-100 elementor-top-column elementor-element elementor-element-e6169bc\" data-id=\"e6169bc\" data-element_type=\"column\" data-e-type=\"column\">\n\t\t\t<div class=\"elementor-widget-wrap elementor-element-populated\">\n\t\t\t\t\t\t<div class=\"elementor-element elementor-element-78fc8f7 elementor-widget elementor-widget-heading\" data-id=\"78fc8f7\" data-element_type=\"widget\" data-e-type=\"widget\" data-widget_type=\"heading.default\">\n\t\t\t\t<div class=\"elementor-widget-container\">\n\t\t\t\t\t<h2 class=\"elementor-heading-title elementor-size-default\">Contact &amp; acc\u00e8s<\/h2>\t\t\t\t<\/div>\n\t\t\t\t<\/div>\n\t\t\t\t\t<\/div>\n\t\t<\/div>\n\t\t\t\t\t<\/div>\n\t\t<\/section>\n\t\t\t\t<section class=\"elementor-section elementor-top-section elementor-element elementor-element-f83b937 elementor-section-boxed elementor-section-height-default elementor-section-height-default wpr-particle-no wpr-jarallax-no wpr-parallax-no wpr-sticky-section-no wpr-equal-height-no\" data-id=\"f83b937\" data-element_type=\"section\" data-e-type=\"section\">\n\t\t\t\t\t\t<div class=\"elementor-container elementor-column-gap-default\">\n\t\t\t\t\t<div class=\"elementor-column elementor-col-100 elementor-top-column elementor-element elementor-element-b194c05\" data-id=\"b194c05\" data-element_type=\"column\" data-e-type=\"column\">\n\t\t\t<div class=\"elementor-widget-wrap elementor-element-populated\">\n\t\t\t\t\t\t<div class=\"elementor-element elementor-element-d6a85ab elementor-widget-divider--separator-type-pattern elementor-widget-divider--no-spacing elementor-widget-divider--view-line elementor-widget elementor-widget-divider\" data-id=\"d6a85ab\" data-element_type=\"widget\" data-e-type=\"widget\" data-widget_type=\"divider.default\">\n\t\t\t\t<div class=\"elementor-widget-container\">\n\t\t\t\t\t\t\t<div class=\"elementor-divider\" style=\"--divider-pattern-url: url(&quot;data:image\/svg+xml,%3Csvg xmlns=&#039;http:\/\/www.w3.org\/2000\/svg&#039; preserveAspectRatio=&#039;xMidYMid meet&#039; overflow=&#039;visible&#039; height=&#039;100%&#039; viewBox=&#039;0 0 126 26&#039; fill=&#039;black&#039; stroke=&#039;none&#039;%3E%3Cpath d=&#039;M3,10.2c2.6,0,2.6,2,2.6,3.2S4.4,16.5,3,16.5s-3-1.4-3-3.2S0.4,10.2,3,10.2z M18.8,10.2c1.7,0,3.2,1.4,3.2,3.2s-1.4,3.2-3.2,3.2c-1.7,0-3.2-1.4-3.2-3.2S17,10.2,18.8,10.2z M34.6,10.2c1.5,0,2.6,1.4,2.6,3.2s-0.5,3.2-1.9,3.2c-1.5,0-3.4-1.4-3.4-3.2S33.1,10.2,34.6,10.2z M50.5,10.2c1.7,0,3.2,1.4,3.2,3.2s-1.4,3.2-3.2,3.2c-1.7,0-3.3-0.9-3.3-2.6S48.7,10.2,50.5,10.2z M66.2,10.2c1.5,0,3.4,1.4,3.4,3.2s-1.9,3.2-3.4,3.2c-1.5,0-2.6-0.4-2.6-2.1S64.8,10.2,66.2,10.2z M82.2,10.2c1.7,0.8,2.6,1.4,2.6,3.2s-0.1,3.2-1.6,3.2c-1.5,0-3.7-1.4-3.7-3.2S80.5,9.4,82.2,10.2zM98.6,10.2c1.5,0,2.6,0.4,2.6,2.1s-1.2,4.2-2.6,4.2c-1.5,0-3.7-0.4-3.7-2.1S97.1,10.2,98.6,10.2z M113.4,10.2c1.2,0,2.2,0.9,2.2,3.2s-0.1,3.2-1.3,3.2s-3.1-1.4-3.1-3.2S112.2,10.2,113.4,10.2z&#039;\/%3E%3C\/svg%3E&quot;);\">\n\t\t\t<span class=\"elementor-divider-separator\">\n\t\t\t\t\t\t<\/span>\n\t\t<\/div>\n\t\t\t\t\t\t<\/div>\n\t\t\t\t<\/div>\n\t\t\t\t\t<\/div>\n\t\t<\/div>\n\t\t\t\t\t<\/div>\n\t\t<\/section>\n\t\t\t\t<section class=\"elementor-section elementor-top-section elementor-element elementor-element-02f280c elementor-section-boxed elementor-section-height-default elementor-section-height-default wpr-particle-no wpr-jarallax-no wpr-parallax-no wpr-sticky-section-no wpr-equal-height-no\" data-id=\"02f280c\" data-element_type=\"section\" data-e-type=\"section\">\n\t\t\t\t\t\t<div class=\"elementor-container elementor-column-gap-default\">\n\t\t\t\t\t<div class=\"elementor-column elementor-col-100 elementor-top-column elementor-element elementor-element-931b4f8\" data-id=\"931b4f8\" data-element_type=\"column\" data-e-type=\"column\">\n\t\t\t<div class=\"elementor-widget-wrap elementor-element-populated\">\n\t\t\t\t\t\t<div class=\"elementor-element elementor-element-1eddbd7 elementor-widget elementor-widget-text-editor\" data-id=\"1eddbd7\" data-element_type=\"widget\" data-e-type=\"widget\" data-widget_type=\"text-editor.default\">\n\t\t\t\t<div class=\"elementor-widget-container\">\n\t\t\t\t\t\t\t\t\t<h4>Nos coordonn\u00e9es :<\/h4><p style=\"text-align: center;\"><a href=\"https:\/\/corinnedepeyre.fr\/fr\/boutique\/contact\/\"><strong>Domaine Corinne DEPEYRE<\/strong><br \/>Vigneronne<br \/>872 Chemin du Marquis de Cabassole<br \/>26790 TULETTE<\/a><\/p><p style=\"text-align: center;\"><a href=\"tel:+33475516094\">T\u00e9l\u00e9phone fixe <strong>+33 4 75 51 60 94<\/strong><\/a><\/p><p style=\"text-align: center;\">\u00a0<\/p><p style=\"text-align: center;\"><span style=\"color: var(--brand-color); font-size: 20px; font-weight: bold; text-align: left;\">Les horaires du caveau sont les suivants:<\/span><\/p><p style=\"text-align: center;\">Lundi, mardi, mercredi, jeudi et vendredi :<br \/>9h-12h30<br \/>13h30-18h30<\/p><p style=\"text-align: center;\">Samedi, dimanche, jours f\u00e9ri\u00e9s sur rendez-vous au<br \/><a href=\"tel:0611705081\">T\u00e9l: 06 11 70 50 81<\/a> ou<\/p><p style=\"text-align: center;\"><a href=\"tel:0475516094\"> 04 75 51 60 94<\/a><\/p>\t\t\t\t\t\t\t\t<\/div>\n\t\t\t\t<\/div>\n\t\t\t\t\t<\/div>\n\t\t<\/div>\n\t\t\t\t\t<\/div>\n\t\t<\/section>\n\t\t\t\t<section class=\"elementor-section elementor-top-section elementor-element elementor-element-6d319ba elementor-section-boxed elementor-section-height-default elementor-section-height-default wpr-particle-no wpr-jarallax-no wpr-parallax-no wpr-sticky-section-no wpr-equal-height-no\" data-id=\"6d319ba\" data-element_type=\"section\" data-e-type=\"section\">\n\t\t\t\t\t\t<div class=\"elementor-container elementor-column-gap-default\">\n\t\t\t\t\t<div class=\"elementor-column elementor-col-100 elementor-top-column elementor-element elementor-element-63f552b\" data-id=\"63f552b\" data-element_type=\"column\" data-e-type=\"column\">\n\t\t\t<div class=\"elementor-widget-wrap elementor-element-populated\">\n\t\t\t\t\t\t<div class=\"elementor-element elementor-element-4dcb580 elementor-widget elementor-widget-google_maps\" data-id=\"4dcb580\" data-element_type=\"widget\" data-e-type=\"widget\" data-widget_type=\"google_maps.default\">\n\t\t\t\t<div class=\"elementor-widget-container\">\n\t\t\t\t\t\t\t<div class=\"elementor-custom-embed\">\n\t\t\t<iframe loading=\"lazy\"\n\t\t\t\t\tsrc=\"https:\/\/maps.google.com\/maps?q=Domaine%20Corinne%20Depeyre&#038;t=m&#038;z=10&#038;output=embed&#038;iwloc=near\"\n\t\t\t\t\ttitle=\"Domaine Corinne Depeyre\"\n\t\t\t\t\taria-label=\"Domaine Corinne Depeyre\"\n\t\t\t><\/iframe>\n\t\t<\/div>\n\t\t\t\t\t\t<\/div>\n\t\t\t\t<\/div>\n\t\t\t\t\t<\/div>\n\t\t<\/div>\n\t\t\t\t\t<\/div>\n\t\t<\/section>\n\t\t\t\t<section class=\"elementor-section elementor-top-section elementor-element elementor-element-95f81d8 elementor-section-boxed elementor-section-height-default elementor-section-height-default wpr-particle-no wpr-jarallax-no wpr-parallax-no wpr-sticky-section-no wpr-equal-height-no\" data-id=\"95f81d8\" data-element_type=\"section\" data-e-type=\"section\">\n\t\t\t\t\t\t<div class=\"elementor-container elementor-column-gap-default\">\n\t\t\t\t\t<div class=\"elementor-column elementor-col-100 elementor-top-column elementor-element elementor-element-88ee716\" data-id=\"88ee716\" data-element_type=\"column\" data-e-type=\"column\">\n\t\t\t<div class=\"elementor-widget-wrap elementor-element-populated\">\n\t\t\t\t\t\t<div class=\"elementor-element elementor-element-9c4cae0 elementor-widget elementor-widget-text-editor\" data-id=\"9c4cae0\" data-element_type=\"widget\" data-e-type=\"widget\" data-widget_type=\"text-editor.default\">\n\t\t\t\t<div class=\"elementor-widget-container\">\n\t\t\t\t\t\t\t\t\t<h2>Ecrivez nous :<\/h2>\t\t\t\t\t\t\t\t<\/div>\n\t\t\t\t<\/div>\n\t\t\t\t\t<\/div>\n\t\t<\/div>\n\t\t\t\t\t<\/div>\n\t\t<\/section>\n\t\t\t\t<section class=\"elementor-section elementor-top-section elementor-element elementor-element-383179d elementor-section-boxed elementor-section-height-default elementor-section-height-default wpr-particle-no wpr-jarallax-no wpr-parallax-no wpr-sticky-section-no wpr-equal-height-no\" data-id=\"383179d\" data-element_type=\"section\" data-e-type=\"section\">\n\t\t\t\t\t\t<div class=\"elementor-container elementor-column-gap-default\">\n\t\t\t\t\t<div class=\"elementor-column elementor-col-100 elementor-top-column elementor-element elementor-element-ef4c542\" data-id=\"ef4c542\" data-element_type=\"column\" data-e-type=\"column\">\n\t\t\t<div class=\"elementor-widget-wrap elementor-element-populated\">\n\t\t\t\t\t\t<div class=\"elementor-element elementor-element-fe68626 elementor-widget elementor-widget-text-editor\" data-id=\"fe68626\" data-element_type=\"widget\" data-e-type=\"widget\" data-widget_type=\"text-editor.default\">\n\t\t\t\t<div class=\"elementor-widget-container\">\n\t\t\t\t\t\t\t\t\t<p style=\"text-align: center;\">Email :<\/p><h4 style=\"text-align: center;\"><a href=\"mailto:info@corinnedepeyre.fr\">info@corinnedepeyre.fr<\/a><\/h4>\t\t\t\t\t\t\t\t<\/div>\n\t\t\t\t<\/div>\n\t\t\t\t\t<\/div>\n\t\t<\/div>\n\t\t\t\t\t<\/div>\n\t\t<\/section>\n\t\t\t\t<\/div>\n\t\t","protected":false},"excerpt":{"rendered":"<p>Contact &amp; acc\u00e8s Nos coordonn\u00e9es : Domaine Corinne DEPEYREVigneronne872 Chemin du Marquis de Cabassole26790 TULETTE T\u00e9l\u00e9phone fixe +33 4 75 51 60 94 \u00a0 Les horaires du caveau sont les suivants: Lundi, mardi, mercredi, jeudi et vendredi :9h-12h3013h30-18h30 Samedi, dimanche, jours f\u00e9ri\u00e9s sur rendez-vous auT\u00e9l: 06 11 70 50 81 ou 04 75 51 60 94 Ecrivez nous : Email : info@corinnedepeyre.fr<\/p>\n","protected":false},"author":1,"featured_media":0,"parent":0,"menu_order":0,"comment_status":"closed","ping_status":"closed","template":"","meta":{"footnotes":""},"class_list":["post-350","page","type-page","status-publish","hentry","wpbf-post"],"yoast_head":"<!-- This site is optimized with the Yoast SEO plugin v27.4 - https:\/\/yoast.com\/product\/yoast-seo-wordpress\/ -->\n<title>Contact - Domaine Corinne Depeyre \u00e0 Tulette (France)<\/title>\n<meta name=\"robots\" content=\"index, follow, max-snippet:-1, max-image-preview:large, max-video-preview:-1\" \/>\n<link rel=\"canonical\" href=\"https:\/\/corinnedepeyre.fr\/fr\/new\/contact\/\" \/>\n<meta property=\"og:locale\" content=\"fr_FR\" \/>\n<meta property=\"og:type\" content=\"article\" \/>\n<meta property=\"og:title\" content=\"Contact - Domaine Corinne Depeyre \u00e0 Tulette (France)\" \/>\n<meta property=\"og:description\" content=\"Contact &amp; acc\u00e8s Nos coordonn\u00e9es : Domaine Corinne DEPEYREVigneronne872 Chemin du Marquis de Cabassole26790 TULETTE T\u00e9l\u00e9phone fixe +33 4 75 51 60 94 \u00a0 Les horaires du caveau sont les suivants: Lundi, mardi, mercredi, jeudi et vendredi :9h-12h3013h30-18h30 Samedi, dimanche, jours f\u00e9ri\u00e9s sur rendez-vous auT\u00e9l: 06 11 70 50 81 ou 04 75 51 60 94 Ecrivez nous : Email : info@corinnedepeyre.fr\" \/>\n<meta property=\"og:url\" content=\"https:\/\/corinnedepeyre.fr\/fr\/new\/contact\/\" \/>\n<meta property=\"og:site_name\" content=\"Domaine Corinne Depeyre \u00e0 Tulette (France)\" \/>\n<meta property=\"article:modified_time\" content=\"2025-09-28T10:53:46+00:00\" \/>\n<meta name=\"twitter:card\" content=\"summary_large_image\" \/>\n<meta name=\"twitter:label1\" content=\"Dur\u00e9e de lecture estim\u00e9e\" \/>\n\t<meta name=\"twitter:data1\" content=\"1 minute\" \/>\n<script type=\"application\/ld+json\" class=\"yoast-schema-graph\">{\"@context\":\"https:\\\/\\\/schema.org\",\"@graph\":[{\"@type\":\"WebPage\",\"@id\":\"https:\\\/\\\/corinnedepeyre.fr\\\/fr\\\/new\\\/contact\\\/\",\"url\":\"https:\\\/\\\/corinnedepeyre.fr\\\/fr\\\/new\\\/contact\\\/\",\"name\":\"Contact - Domaine Corinne Depeyre \u00e0 Tulette (France)\",\"isPartOf\":{\"@id\":\"https:\\\/\\\/corinnedepeyre.fr\\\/fr\\\/new\\\/#website\"},\"datePublished\":\"2022-09-27T17:05:33+00:00\",\"dateModified\":\"2025-09-28T10:53:46+00:00\",\"breadcrumb\":{\"@id\":\"https:\\\/\\\/corinnedepeyre.fr\\\/fr\\\/new\\\/contact\\\/#breadcrumb\"},\"inLanguage\":\"fr-FR\",\"potentialAction\":[{\"@type\":\"ReadAction\",\"target\":[\"https:\\\/\\\/corinnedepeyre.fr\\\/fr\\\/new\\\/contact\\\/\"]}]},{\"@type\":\"BreadcrumbList\",\"@id\":\"https:\\\/\\\/corinnedepeyre.fr\\\/fr\\\/new\\\/contact\\\/#breadcrumb\",\"itemListElement\":[{\"@type\":\"ListItem\",\"position\":1,\"name\":\"Accueil\",\"item\":\"https:\\\/\\\/corinnedepeyre.fr\\\/fr\\\/new\\\/\"},{\"@type\":\"ListItem\",\"position\":2,\"name\":\"Contact\"}]},{\"@type\":\"WebSite\",\"@id\":\"https:\\\/\\\/corinnedepeyre.fr\\\/fr\\\/new\\\/#website\",\"url\":\"https:\\\/\\\/corinnedepeyre.fr\\\/fr\\\/new\\\/\",\"name\":\"Domaine Corinne Depeyre \u00e0 Tulette (France)\",\"description\":\"Un site utilisant R\u00e9seau_WordPress\",\"publisher\":{\"@id\":\"https:\\\/\\\/corinnedepeyre.fr\\\/fr\\\/new\\\/#organization\"},\"potentialAction\":[{\"@type\":\"SearchAction\",\"target\":{\"@type\":\"EntryPoint\",\"urlTemplate\":\"https:\\\/\\\/corinnedepeyre.fr\\\/fr\\\/new\\\/?s={search_term_string}\"},\"query-input\":{\"@type\":\"PropertyValueSpecification\",\"valueRequired\":true,\"valueName\":\"search_term_string\"}}],\"inLanguage\":\"fr-FR\"},{\"@type\":\"Organization\",\"@id\":\"https:\\\/\\\/corinnedepeyre.fr\\\/fr\\\/new\\\/#organization\",\"name\":\"Domaine Corinne Depeyre \u00e0 Tulette (France)\",\"url\":\"https:\\\/\\\/corinnedepeyre.fr\\\/fr\\\/new\\\/\",\"logo\":{\"@type\":\"ImageObject\",\"inLanguage\":\"fr-FR\",\"@id\":\"https:\\\/\\\/corinnedepeyre.fr\\\/fr\\\/new\\\/#\\\/schema\\\/logo\\\/image\\\/\",\"url\":\"https:\\\/\\\/corinnedepeyre.fr\\\/fr\\\/new\\\/wp-content\\\/uploads\\\/sites\\\/21\\\/2022\\\/10\\\/cropped-unnamed.jpg\",\"contentUrl\":\"https:\\\/\\\/corinnedepeyre.fr\\\/fr\\\/new\\\/wp-content\\\/uploads\\\/sites\\\/21\\\/2022\\\/10\\\/cropped-unnamed.jpg\",\"width\":192,\"height\":104,\"caption\":\"Domaine Corinne Depeyre \u00e0 Tulette (France)\"},\"image\":{\"@id\":\"https:\\\/\\\/corinnedepeyre.fr\\\/fr\\\/new\\\/#\\\/schema\\\/logo\\\/image\\\/\"}}]}<\/script>\n<!-- \/ Yoast SEO plugin. -->","yoast_head_json":{"title":"Contact - Domaine Corinne Depeyre \u00e0 Tulette (France)","robots":{"index":"index","follow":"follow","max-snippet":"max-snippet:-1","max-image-preview":"max-image-preview:large","max-video-preview":"max-video-preview:-1"},"canonical":"https:\/\/corinnedepeyre.fr\/fr\/new\/contact\/","og_locale":"fr_FR","og_type":"article","og_title":"Contact - Domaine Corinne Depeyre \u00e0 Tulette (France)","og_description":"Contact &amp; acc\u00e8s Nos coordonn\u00e9es : Domaine Corinne DEPEYREVigneronne872 Chemin du Marquis de Cabassole26790 TULETTE T\u00e9l\u00e9phone fixe +33 4 75 51 60 94 \u00a0 Les horaires du caveau sont les suivants: Lundi, mardi, mercredi, jeudi et vendredi :9h-12h3013h30-18h30 Samedi, dimanche, jours f\u00e9ri\u00e9s sur rendez-vous auT\u00e9l: 06 11 70 50 81 ou 04 75 51 60 94 Ecrivez nous : Email : info@corinnedepeyre.fr","og_url":"https:\/\/corinnedepeyre.fr\/fr\/new\/contact\/","og_site_name":"Domaine Corinne Depeyre \u00e0 Tulette (France)","article_modified_time":"2025-09-28T10:53:46+00:00","twitter_card":"summary_large_image","twitter_misc":{"Dur\u00e9e de lecture estim\u00e9e":"1 minute"},"schema":{"@context":"https:\/\/schema.org","@graph":[{"@type":"WebPage","@id":"https:\/\/corinnedepeyre.fr\/fr\/new\/contact\/","url":"https:\/\/corinnedepeyre.fr\/fr\/new\/contact\/","name":"Contact - Domaine Corinne Depeyre \u00e0 Tulette (France)","isPartOf":{"@id":"https:\/\/corinnedepeyre.fr\/fr\/new\/#website"},"datePublished":"2022-09-27T17:05:33+00:00","dateModified":"2025-09-28T10:53:46+00:00","breadcrumb":{"@id":"https:\/\/corinnedepeyre.fr\/fr\/new\/contact\/#breadcrumb"},"inLanguage":"fr-FR","potentialAction":[{"@type":"ReadAction","target":["https:\/\/corinnedepeyre.fr\/fr\/new\/contact\/"]}]},{"@type":"BreadcrumbList","@id":"https:\/\/corinnedepeyre.fr\/fr\/new\/contact\/#breadcrumb","itemListElement":[{"@type":"ListItem","position":1,"name":"Accueil","item":"https:\/\/corinnedepeyre.fr\/fr\/new\/"},{"@type":"ListItem","position":2,"name":"Contact"}]},{"@type":"WebSite","@id":"https:\/\/corinnedepeyre.fr\/fr\/new\/#website","url":"https:\/\/corinnedepeyre.fr\/fr\/new\/","name":"Domaine Corinne Depeyre \u00e0 Tulette (France)","description":"Un site utilisant R\u00e9seau_WordPress","publisher":{"@id":"https:\/\/corinnedepeyre.fr\/fr\/new\/#organization"},"potentialAction":[{"@type":"SearchAction","target":{"@type":"EntryPoint","urlTemplate":"https:\/\/corinnedepeyre.fr\/fr\/new\/?s={search_term_string}"},"query-input":{"@type":"PropertyValueSpecification","valueRequired":true,"valueName":"search_term_string"}}],"inLanguage":"fr-FR"},{"@type":"Organization","@id":"https:\/\/corinnedepeyre.fr\/fr\/new\/#organization","name":"Domaine Corinne Depeyre \u00e0 Tulette (France)","url":"https:\/\/corinnedepeyre.fr\/fr\/new\/","logo":{"@type":"ImageObject","inLanguage":"fr-FR","@id":"https:\/\/corinnedepeyre.fr\/fr\/new\/#\/schema\/logo\/image\/","url":"https:\/\/corinnedepeyre.fr\/fr\/new\/wp-content\/uploads\/sites\/21\/2022\/10\/cropped-unnamed.jpg","contentUrl":"https:\/\/corinnedepeyre.fr\/fr\/new\/wp-content\/uploads\/sites\/21\/2022\/10\/cropped-unnamed.jpg","width":192,"height":104,"caption":"Domaine Corinne Depeyre \u00e0 Tulette (France)"},"image":{"@id":"https:\/\/corinnedepeyre.fr\/fr\/new\/#\/schema\/logo\/image\/"}}]}},"_links":{"self":[{"href":"https:\/\/corinnedepeyre.fr\/fr\/new\/wp-json\/wp\/v2\/pages\/350","targetHints":{"allow":["GET"]}}],"collection":[{"href":"https:\/\/corinnedepeyre.fr\/fr\/new\/wp-json\/wp\/v2\/pages"}],"about":[{"href":"https:\/\/corinnedepeyre.fr\/fr\/new\/wp-json\/wp\/v2\/types\/page"}],"author":[{"embeddable":true,"href":"https:\/\/corinnedepeyre.fr\/fr\/new\/wp-json\/wp\/v2\/users\/1"}],"replies":[{"embeddable":true,"href":"https:\/\/corinnedepeyre.fr\/fr\/new\/wp-json\/wp\/v2\/comments?post=350"}],"version-history":[{"count":0,"href":"https:\/\/corinnedepeyre.fr\/fr\/new\/wp-json\/wp\/v2\/pages\/350\/revisions"}],"wp:attachment":[{"href":"https:\/\/corinnedepeyre.fr\/fr\/new\/wp-json\/wp\/v2\/media?parent=350"}],"curies":[{"name":"wp","href":"https:\/\/api.w.org\/{rel}","templated":true}]}}